?
False
Is 357 a factor of 146873013?
True
Is 107122776 a multiple of 3?
True
Is 136785180 a multiple of 610?
True
Is 24 a factor of 220223385?
False
Does 125 divide 8894594?
False
Does 86 divide 127288858?
True
Is 489798033 a multiple of 27?
False
Does 345 divide 97668810?
True
Does 1010 divide 1546621409?
False
Does 8227 divide 281799431?
True
Is 127565814 a multiple of 4355?
False
Does 106 divide 11626012?
False
Is 6 a factor of 7769190?
True
Is 122 a factor of 66609194?
True
Is 1721800 a multiple of 5?
True
Is 76 a factor of 52646057?
False
Is 8 a factor of 453143776?
True
Is 18834122 a multiple of 201?
False
Does 1816 divide 2734360280?
True
Is 58 a factor of 70885886?
False
Does 20 divide 1005891978?
False
Is 3 a factor of 877542?
True
Does 1326 divide 55515453?
False
Does 8 divide 84689936?
True
Does 662 divide 188407186?
True
Is 72 a factor of 34564425?
False
Is 7 a factor of 10442859?
True
Is 858 a factor of 33056166?
True
Is 1519933541 a multiple of 40?
False
Is 51721530 a multiple of 3?
True
Is 220877370 a multiple of 10?
True
Does 1016 divide 25452832?
True
Does 410 divide 80624650?
False
Is 4813572949 a multiple of 243?
False
Is 229 a factor of 1041757062?
False
Does 55 divide 5464895?
False
Is 49 a factor of 145548473?
True
Does 1920 divide 38325120?
True
Does 1071 divide 2387070?
False
Is 56 a factor of 179284840?
True
Is 419 a factor of 40407955?
False
Is 681 a factor of 266817843?
True
Is 224 a factor of 17073314?
False
Does 4814 divide 208301780?
True
Does 6 divide 12350057?
False
Does 131 divide 1964084834?
True
Does 9 divide 1966841622?
True
Is 2266 a factor of 236201042?
True
Does 468 divide 12248805?
False
Is 1214212000 a multiple of 2000?
True
Is 3005 a factor of 96433455?
True
Is 52356490 a multiple of 11?
False
Is 37 a factor of 216014595?
False
Is 751 a factor of 29749707?
False
Is 544 a factor of 17529489?
False
Is 748 a factor of 68317832?
True
Is 86340782 a multiple of 206?
False
Is 7 a factor of 33650981?
True
Is 9 a factor of 53029031?
False
Is 109 a factor of 4443603?
True
Is 444697101 a multiple of 11?
False
Is 6182347 a multiple of 297?
False
Does 1385 divide 520347665?
False
Does 17 divide 17828085?
False
Is 4 a factor of 588986184?
True
Does 12 divide 179921268?
True
Is 99 a factor of 383172273?
True
Is 111897704 a multiple of 6?
False
Is 552196 even?
True
Does 19 divide 131983675?
False
Does 3868 divide 897472749?
False
Is 51758159 a multiple of 1514?
False
Does 7 divide 13518176?
True
Is 1401050011 a multiple of 636?
False
Is 397072032 a multiple of 6?
True
Does 128 divide 81118361?
False
Is 72 a factor of 290661823?
False
Is 36 a factor of 159354036?
True
Does 1583 divide 44010031?
False
Is 46933186 a multiple of 103?
True
Is 804 a factor of 50508084?
True
Is 96 a factor of 57910272?
True
Is 249 a factor of 348062658?
True
Is 93 a factor of 291057636?
True
Is 11 a factor of 266266158?
False
Does 753 divide 22708974?
True
Is 18 a factor of 43527744?
True
Does 548 divide 22378676?
True
Does 533 divide 439460632?
True
Is 16282994 a multiple of 49?
True
Is 10 a factor of 4287445460?
True
Is 43342952 a multiple of 95?
False
Is 659 a factor of 403728051?
False
Is 258 a factor of 40137060?
True
Is 45891606 a multiple of 605?
False
Is 36672900 a multiple of 825?
True
Is 1125 a factor of 396700875?
True
Is 51 a factor of 8662846?
False
Is 879 a factor of 43134463?
False
Does 2462 divide 455470?
True
Is 134358460 a multiple of 790?
True
Is 505 a factor of 45864457?
False
Is 4297330 a multiple of 1357?
False
Is 348 a factor of 33825443?
False
Is 481 a factor of 224958409?
True
Does 5 divide 118021895?
True
Does 3 divide 2473862?
False
Is 1305 a factor of 342616005?
True
Does 163 divide 23720249?
True
Does 3811 divide 44379095?
True
Is 53 a factor of 117084102?
True
Does 7 divide 46204113?
False
Is 5178 a factor of 1470054912?
True
Does 608 divide 865401056?
True
Is 3337424 a multiple of 16?
True
Is 26 a factor of 382519247?
False
Is 22 a factor of 660021830?
False
Is 1339191 a multiple of 18?
False
Is 185 a factor of 18541720?
False
Is 23590552 a multiple of 38?
True
Is 52941315 a multiple of 105?
True
Is 1301195 a multiple of 10?
False
Is 851090206 a multiple of 1702?
True
Is 140197588 a multiple of 31?
False
Is 8 a factor of 124146416?
True
Is 46687286 a multiple of 190?
False
Does 309 divide 6584008?
False
Is 15 a factor of 64212832?
False
Is 2132 a factor of 3853095346?
False
Is 13 a factor of 490224846?
False
Is 97774494 a multiple of 57?
True
Is 3733978257 a multiple of 20?
False
Is 15 a factor of 20789725?
False
Is 2238144350 a multiple of 1003?
True
Does 1262 divide 163857831?
False
Does 297 divide 202908081?
False
Does 4 divide 552331336?
True
Does 1259 divide 264090358?
True
Is 36 a factor of 900287354?
False
Does 8 divide 649033918?
False
Is 44893725 even?
False
Does 221 divide 103731541?
False
Does 1687 divide 1317560496?
True
Is 68 a factor of 311261500?
True
Is 44562073 a multiple of 2?
False
Does 13 divide 297993417?
False
Is 29865562 a multiple of 11?
False
Does 44 divide 3543540?
True
Is 6255025 a multiple of 775?
True
Is 22 a factor of 208235540?
False
Does 2488 divide 23382224?
True
Is 421696168 a multiple of 415?
False
Is 4699 a factor of 1314117641?
True
Is 29394288 a multiple of 113?
False
Does 1640 divide 46289000?
True
Does 20 divide 15391964?
False
Is 5837293928 a multiple of 13429?
False
Is 24446957 a multiple of 72?
False
Is 22 a factor of 56466784?
True
Does 369 divide 142244334?
True
Does 1547 divide 109432243?
False
Is 14 a factor of 90980190?
True
Is 157 a factor of 27032064?
False
Is 2170 a factor of 1401990718?
False
Does 1300 divide 72563400?
True
Is 13 a factor of 1236393683?
False
Is 276 a factor of 1310574054?
False
Is 145913808 a multiple of 12?
True
Is 15542640 a multiple of 164?
False
Does 9 divide 6940776?
False
Is 3003878391 a multiple of 16?
False
Does 925 divide 137661428?
False
Is 1642 a factor of 372106756?
True
Is 3 a factor of 15121112?
False
Does 13 divide 1119604421?
True
Does 12 divide 1927524861?
False
Is 1055 a factor of 657626865?
True
Does 10 divide 7284720?
True
Does 886 divide 1432736184?
False
Is 29 a factor of 129189142?
True
Does 501 divide 630858441?
False
Does 13 divide 4683159?
True
Does 15 divide 192078105?
True
Does 5246 divide 1414655488?
False
Is 243005922 a multiple of 11?
False
Is 8 a factor of 22404368?
True
Does 608 divide 959050688?
True
Does 565 divide 109181730?
True
Does 45 divide 80972474?
False
Is 1304 a factor of 562486920?
True
Is 10989225 a multiple of 39?
True
Is 701875137 a multiple of 4?
False
Does 331 divide 42233283?
True
Is 2204 a factor of 74052196?
True
Is 11721781 a multiple of 1238?
False
Is 21 a factor of 318127585?
False
Is 533617392 a multiple of 22?
True
Is 1313 a factor of 939772873?
False
Does 1333 divide 446451286?
False
Does 1669 divide 2407233749?
True
Does 50 divide 15039550?
True
Is 1622 a factor of 974788481?
False
Is 7363972 a multiple of 243?
False
Is 115 a factor of 22245316?
False
Does 9 divide 25464033?
True
Is 141395340 a multiple of 1140?
True
Is 31400277 a multiple of 141?
True
Does 20 divide 1510960?
True
Is 29 a factor of 453241145?
True
Is 26117026 a multiple of 14?
False
Does 82 divide 4702044?
True
Is 99 a factor of 12533919?
False
Is 13167059 a multiple of 27?
False
Is 151 a factor of 75654021?
False
Does 17 divide 135784202?
True
Is 972 a factor of 39264863?
False
Is 360482489 a multiple of 61?
True
Is 256159312 a multiple of 3412?
True
Is 16 a factor of 223447103?
False
Is 20697632 a multiple of 1366?
True
Is 14478272 a multiple of 3?
False
Does 2 divide 11509784?
True
Is 1543588516 a multiple of 89?
False
Is 181320883 a multiple of 5?
False
Is 54 a factor of 597270348?
True
Is 420545 a multiple of 12?
False
Is 277512760 a multiple of 14?
True
Is 1509 a factor of 170006958?
True
Is 241860022 a multiple of 10?
False
Is 15906660 a multiple of 605?
True
Is 353356542 a multiple of 2838?
True
Is 7057008 a multiple of 14?
True
Is 366 a factor of 27062322?
False
Is 3212 a factor of 313825248?
True
Does 25 divide 2599400?
True
Does 168 divide 48816264?
True
Is 13782 a factor of 1101748216?
False
Is 10 a factor of 18507563?
False
Is 17 a factor of 11878903?
True
Is 1809920327 a multiple of 83?
True
Is 20